310/(-6)*(-18)/(-12)*j composite?
True
Let n(f) = 898170*f**3 + f**2 - 45*f + 45. Is n(1) prime?
True
Suppose 2*o - x = 228 + 75, -3*x = 3*o - 468. Let b(m) = m**2 + 13*m - 14. Let z be b(-21). Let q = z + o. Is q a prime number?
True
Let p(d) = 141*d**2 - 14*d + 6. Let s(o) = o**2 + o. Let v(c) = p(c) + 6*s(c). Is v(4) composite?
True
Is 78/312*213308*1 a prime number?
True
Suppose 3*u - 4*d + 10674 = 8*u, -10669 = -5*u + d. Let a = u - 1107. Is a a composite number?
True
Suppose 0 = 2*r - 14, -137285 = -m + 2*r + 1678. Is m prime?
True
Let z = 72 + 4. Let o be 2/(-4)*(-1043)/(-14)*z. Let c = 4780 + o. Is c a prime number?
True
Let b(x) = -49*x - 19. Let h(s) = 50*s + 21. Let i(g) = 2*b(g) + 3*h(g). Is i(24) a prime number?
False
Let w(x) = 7*x + 132. Let v be w(-15). Suppose -v*p + 118932 = -4215. Is p composite?
False
Suppose c = 3*y - 654389, -y - c + 218151 = 4*c. Is y a composite number?
False
Suppose -4*r - 7*s + 14110 = -9*s, -3*s = 3. Suppose -3*l = 5*x - r, x + 2*l = -21 + 732. Is x composite?
True
Suppose 0 = -25*r - 152241 + 1675221 + 406495. Is r prime?
False
Suppose -75*o = -16*o - 47863927. Is o a prime number?
True
Let h = 188636 + -80695. Is h composite?
False
Let z be (-1)/((-4)/(-12)) + (1 - -1522). Suppose -18251 = -5*n + 4*w, -z = -3*n + w + 9425. Is n a composite number?
True
Let f = 12394 + 16798. Let x = f + -13591. Is x a composite number?
False
Suppose 0 = -56*y + 57*y - 2*i - 193115, -5*y - i + 965586 = 0. Is y a composite number?
True
Suppose -252*b = -249*b - 1368. Let v = b - -97. Is v a prime number?
False
Let o(k) = -k**2 + k - 1. Let m(c) = 3*c**2 + 0*c**2 - 7 + 3*c**3 + 2*c**3 - 10*c - c**2. Let a(f) = -m(f) + 2*o(f). Is a(-6) a composite number?
True
Is 2/(-29) - (386951726/58)/(-7) prime?
False
Let l(c) = -46*c - 5. Let h be l(-4). Let s = h + 8. Is s prime?
False
Suppose -2*f - f = 2*t - 4, -5*f = 5*t - 10. Suppose 2*a - 5498 = -t*p, -4*p - 5*a = -9*a - 10980. Is p prime?
False
Is (-12 + 17 - 26407/1)*8/(-16) a composite number?
True
Let b(d) = 5316*d - 1583. Is b(9) composite?
False
Suppose 3*x - 5*a = -15, -3*a - 9 = 3*x - 6*a. Suppose -3*f - 12*f - 675 = x. Is f/18*(1 - 9727/5) a prime number?
True
Suppose 5*g - 3*g - 16 = 0. Suppose -g*v + 4*v - 140 = 0. Let d = 50 + v. Is d a composite number?
True
Let o = 0 + -11. Let q(k) = -k**2 + 11*k + 15. Let n(u) = 2*u**2 - 23*u - 29. Let s(v) = -2*n(v) - 5*q(v). Is s(o) a composite number?
True
Is 1/((-10)/(-936288)) + 28/(1680/12) prime?
True
Let x(l) = 4*l + 5. Let w be x(0). Suppose -7*u + w*u + 11250 = -4*q, -5*u + 28118 = -3*q. Is u a prime number?
True
Let p(u) = 31*u**2 + 15*u - 29. Suppose 5*y - 37 = -7. Is p(y) composite?
True
Let s = -196 - -199. Suppose -5*n - 1108 = -s*m - 0*m, 5 = 5*n. Is m composite?
True
Let l = 89 + -65. Let p = l + -27. Let y(c) = -114*c + 5. Is y(p) a prime number?
True
Suppose 197 = 2*j + h, 27*j = 28*j - 4*h - 121. Suppose -112*l + j*l = -88759. Is l composite?
False
Let x(n) = 6681*n**2 - 26*n + 232. Is x(7) composite?
False
Let a be (7181 - -5)*1/2. Is a/((3 + -7 - 0) + 5) composite?
False
Let p be ((-1)/3 - (-50)/60)*58. Suppose -28*h - 307 = -p*h. Is h a composite number?
False
Is (-17 + -7)/(-3) - -859*5 a composite number?
True
Is 216929430/198 - 22/121 composite?
True
Suppose 0 = 8*o + 34 - 50. Is 4912 + (23 - o)/3 composite?
False
Let n(h) = 19*h**3 + 2*h - 1. Let j be n(1). Let m be 4/((-70)/(-8675)*5) + 8/(-56). Let u = m - j. Is u prime?
True
Let r be (24/10*5)/(-1). Is r/(-30) - 31*212/(-20) composite?
True
Let u = 2524 + 82497. Is u a prime number?
True
Suppose -4*o + 44 = 2*s, -2*o + 7 = 5. Suppose -12*i + 7*i = -s. Is (8790/(-5))/((-8)/i) a prime number?
False
Let i(q) = -365*q**3 + 3*q**2 + 2*q + 1. Let w = 253 - 255. Is i(w) a composite number?
True
Let k(n) = 1259*n**3 - 5*n**2 - 115*n + 584. Is k(5) composite?
False
Suppose 45 = -6*j + 33. Is 3944 + (j + 1 - (-1 - -1)) composite?
False
Let r = 220290 + 339848. Is r composite?
True
Let m(p) = p + 8. Let j be m(-8). Suppose j = 5*u - 6 - 14. Suppose 3*n = 4*q + 4*n - 10927, u*n + 20 = 0. Is q a composite number?
True
Let k(m) = -122*m - 492. Let i be k(-4). Let b = -1 - -3. Is (28369/(-22))/(b/i) a prime number?
True
Suppose 0 = -8*v + 4*v + 4*r - 12, -2*v - 4*r = -24. Suppose 4*c = v*t + 22312, -3*c + 3*t - t + 16733 = 0. Is c a prime number?
False
Suppose 694826 = 69*c - 47*c. Is c composite?
False
Suppose 0 = -32*u + 379087 + 1392849. Is u a prime number?
True
Suppose 0 = 6*p + 42 - 78. Suppose -9*m = -p*m - d - 6995, -4 = -d. Is m prime?
True
Let j be (-9 + 27)*26/4. Suppose 2*u = -3*x + j, -2*x - 2*x + 176 = 3*u. Suppose -i = -589 - u. Is i a prime number?
False
Let q(r) = 189*r**2 - 85*r + 137. Is q(-27) composite?
True
Let v(c) be the first derivative of -164*c**2 + 9*c + 2. Let a be (-3)/(11 + -2 + -8). Is v(a) a prime number?
False
Let f = 16 - -4. Let l be (-2)/(-4) + 850/f. Suppose 44*h - l*h = 293. Is h prime?
True
Suppose -19*c - 5 = -24*c, 5*w - 3*c - 105292 = 0. Is w composite?
False
Let m(p) = -29*p + 5. Suppose -o = -2*y - 31, 2*o + 2*o = -12. Let j be m(y). Is (j/9)/(4/6) a composite number?
False
Let y(s) = -3*s**2 + 4 - 6*s**2 - 4*s + s**3 - 3. Suppose -50*z = -43*z - 77. Is y(z) a composite number?
False
Suppose 3*r = 6*r. Suppose r = 7*y + 436 + 68. Let h = y - -401. Is h composite?
True
Let b(l) = l**2 + 4*l - 7. Let r be b(-6). Suppose 2*n - 2*m = -0*n - 4, 2*m - 25 = -r*n. Suppose -208 = n*d - 1282. Is d a prime number?
False
Suppose -4*d = 254 - 250, 4*f = -3*d + 219761. Is f a prime number?
True
Let r = -554512 + 1216499. Is r prime?
True
Is 2/6*((-16)/(-144) - (-32047298)/9) a prime number?
True
Let z be (-2)/6 - (-24)/(-9). Let u = -255 - -553. Let h = u + z. Is h composite?
True
Suppose 0 = 110*f - 109*f - 3*l - 148667, 2*f + 4*l - 297414 = 0. Is f a prime number?
True
Suppose -5*w - 73 = -h + 20, 0 = -4*h - 5*w + 322. Let s = 574 - h. Is s prime?
True
Let l be 75 + (-16)/(-3) + (-8)/24. Is 797/(3 - l/28) a prime number?
False
Is 24630 - (0 - ((-3)/(-3) - 0)) - 2 a prime number?
False
Suppose -3*j + 17 + 21 = 5*z, 2*z - 5*j - 9 = 0. Let a(y) = 2*y**3 - 4*y**2 - 4*y - 15. Is a(z) prime?
False
Let z(o) = -4462*o + 899. Is z(-26) a composite number?
False
Let i be (286/1 - 5)/(1/14). Suppose -6*d + 9 = -9*d, -i = -l - d. Is l prime?
False
Is (-19353)/(-2)*(6160/42)/44 a composite number?
True
Let v = -132 + 132. Suppose 10205 = -v*s + 5*s - 5*t, 5*t + 10 = 0. Is s prime?
True
Suppose 4276 = -5*l - 5*g - 6704, 0 = 3*g - 15. Let n = 5860 + l. Is n prime?
True
Let r = 317518 + -225641. Is r a prime number?
False
Is 775 + (-10*(232/(-40) - -7) - -6) composite?
False
Is (-1232264)/(-20) - (-18)/(-90) a prime number?
True
Let r = 126 - -1. Let z(s) = 145*s + 254*s + 246*s - 12 - r*s. Is z(5) a prime number?
False
Let r(c) = -c**3 + 26*c**2 - c + 45. Let q be r(26). Suppose 0 = -q*p + 50962 + 305155. Is p prime?
True
Suppose -5*v - r = -55, v = -3*v - r + 44. Is 0 + -5 + v/((-22)/(-12140)) a composite number?
True
Let u(p) = -4*p - 6*p - 3 - 4 + 5*p + p**2. Let s be u(6). Is ((-1358)/(-4) + 2)*-2*s a composite number?
False
Suppose -q - 4*a = 18, 3*q = a - 3 + 1. Is (1 + (q - 4 - -4))*-1481 prime?
True
Suppose -5*p - 4*s = -211579, -9*s + 211615 = 5*p - 14*s. Is p prime?
False
Let o = 44 - 44. Suppose -4*j + 8*j - 20 = o. Suppose -3*h = j*h - 5960. Is h composite?
True
Suppose 0 = 12*a + 170512 + 166436. Let h = -17193 - a. Is h a prime number?
False
Suppose -3*o - 2*i - 665 = 0, 5*i + 12 - 37 = 0. Let y = o + 518. Is y a composite number?
False
Let s be -13 + 7 - (-88)/4. Suppose -13*g = -s*g + 1173. Is g composite?
True
Is -9 + -2*(-619659)/18 a composite number?
True
Suppose -4*l = -5*k + 4115, -5*k - 1 - 4 = 0. Let y = l - -6609. Is y composite?
True
Let k = -585 - -1841. Suppose -14*h + 108 - k = 0. Let j = 200 + h. Is j composite?
True
Suppose 0 = u - 6*u - 440. Let r be 2/(-16) + (-451)/u. Suppose -2*p + 1471 = 5*t, 0 = -2*p + r*p + t - 2226. Is p a prime number?
True
Let h be -2*5*(-1)/(-10)*-6. Let f(x) = 300*x + 95. Is f(h) a composite number?
True
Suppose 0 = 7*c - 70730 - 249527. Is c a prime number?
True
Suppose 3*y - 851 = 4*z - 5*z, 4*y - 2*z = 1138. Suppose -7*b = -5415 + y. Is b a prime number?
True
Is ((-189820)/(-3